{"id":73,"date":"2021-09-24T17:33:03","date_gmt":"2021-09-24T16:33:03","guid":{"rendered":"http:\/\/getraenkefachhandel-klug.de\/?page_id=73"},"modified":"2021-09-24T17:33:04","modified_gmt":"2021-09-24T16:33:04","slug":"unsere-leistungen","status":"publish","type":"page","link":"https:\/\/getraenkefachhandel-klug.de\/index.php\/unsere-leistungen\/","title":{"rendered":"Unsere Leistungen"},"content":{"rendered":"\n<p>Wir liefern:<\/p>\n\n\n\n<ul><li>zu Ihnen nach Hause<\/li><li>zu Ihrer Firma<\/li><li>zur Grillh\u00fctte<\/li><li>zu Ihrer Privatfeier<\/li><li>zu Ihrem Vereinsheim<\/li><li>wohin Sie wollen<\/li><li>auch f\u00fcr den Wiederverkauf<\/li><\/ul>\n\n\n\n<p>Wir vermieten:<\/p>\n\n\n\n<ul><li>Pavillons<\/li><li>Ausschankwagen<\/li><li>Stehtische<\/li><li>Festzeltgarnituren<\/li><li>Nass- und Trockentruhen<\/li><li>Getr\u00e4nketruhen<\/li><li>K\u00fchlwagen<\/li><li>Gl\u00e4ser<\/li><\/ul>\n","protected":false},"excerpt":{"rendered":"<p>Wir liefern: zu Ihnen nach Hause zu Ihrer Firma zur Grillh\u00fctte zu Ihrer Privatfeier zu Ihrem Vereinsheim wohin Sie wollen auch f\u00fcr den Wiederverkauf Wir vermieten: Pavillons Ausschankwagen Stehtische Festzeltgarnituren Nass- und Trockentruhen Getr\u00e4nketruhen K\u00fchlwagen Gl\u00e4ser<\/p>\n","protected":false},"author":2,"featured_media":0,"parent":0,"menu_order":0,"comment_status":"closed","ping_status":"closed","template":"","meta":{"spay_email":""},"_links":{"self":[{"href":"https:\/\/getraenkefachhandel-klug.de\/index.php\/wp-json\/wp\/v2\/pages\/73"}],"collection":[{"href":"https:\/\/getraenkefachhandel-klug.de\/index.php\/wp-json\/wp\/v2\/pages"}],"about":[{"href":"https:\/\/getraenkefachhandel-klug.de\/index.php\/wp-json\/wp\/v2\/types\/page"}],"author":[{"embeddable":true,"href":"https:\/\/getraenkefachhandel-klug.de\/index.php\/wp-json\/wp\/v2\/users\/2"}],"replies":[{"embeddable":true,"href":"https:\/\/getraenkefachhandel-klug.de\/index.php\/wp-json\/wp\/v2\/comments?post=73"}],"version-history":[{"count":1,"href":"https:\/\/getraenkefachhandel-klug.de\/index.php\/wp-json\/wp\/v2\/pages\/73\/revisions"}],"predecessor-version":[{"id":75,"href":"https:\/\/getraenkefachhandel-klug.de\/index.php\/wp-json\/wp\/v2\/pages\/73\/revisions\/75"}],"wp:attachment":[{"href":"https:\/\/getraenkefachhandel-klug.de\/index.php\/wp-json\/wp\/v2\/media?parent=73"}],"curies":[{"name":"wp","href":"https:\/\/api.w.org\/{rel}","templated":true}]}}

<p>Wir liefern:</p>



<ul><li>zu Ihnen nach Hause</li><li>zu Ihrer Firma</li><li>zur Grillhütte</li><li>zu Ihrer Privatfeier</li><li>zu Ihrem Vereinsheim</li><li>wohin Sie wollen</li><li>auch für den Wiederverkauf</li></ul>



<p>Wir vermieten:</p>



<ul><li>Pavillons</li><li>Ausschankwagen</li><li>Stehtische</li><li>Festzeltgarnituren</li><li>Nass- und Trockentruhen</li><li>Getränketruhen</li><li>Kühlwagen</li><li>Gläser</li></ul>

<p>Wir liefern: zu Ihnen nach Hause zu Ihrer Firma zur Grillhütte zu Ihrer Privatfeier zu Ihrem Vereinsheim wohin Sie wollen auch für den Wiederverkauf Wir vermieten: Pavillons Ausschankwagen Stehtische Festzeltgarnituren Nass- und Trockentruhen Getränketruhen Kühlwagen Gläser</p>
