{"id":7,"date":"2016-03-11T15:37:41","date_gmt":"2016-03-11T15:37:41","guid":{"rendered":"http:\/\/getraenkefachhandel-klug.de\/?page_id=7"},"modified":"2022-04-20T06:48:05","modified_gmt":"2022-04-20T05:48:05","slug":"startseite","status":"publish","type":"page","link":"https:\/\/getraenkefachhandel-klug.de\/","title":{"rendered":"Herzlich Willkommen beim Getr\u00e4nkefachhandel Helmut Klug"},"content":{"rendered":"\n<p>Wir liefern:<\/p>\n\n\n\n<ul><li>zu Ihrer Firma<\/li><li>zu Ihnen nach Hause<\/li><li>zur Grillh\u00fctte<\/li><li>zu Ihrer Privatfeier<\/li><li>zu Ihrem Vereinsheim<\/li><li>wohin Sie wollen<\/li><li>auch f\u00fcr den Wiederverkauf<\/li><\/ul>\n\n\n\n<p>Wir vermieten:<\/p>\n\n\n\n<ul><li>Pavillons<\/li><li>Ausschankwagen<\/li><li>Stehtische<\/li><li>Festzeltgarnituren<\/li><li>Nass- und Trockentheken<\/li><li>Getr\u00e4nketruhen<\/li><li>K\u00fchlwagen<\/li><li>Gl\u00e4ser<\/li><\/ul>\n","protected":false},"excerpt":{"rendered":"<p>Wir liefern: zu Ihrer Firma zu Ihnen nach Hause zur Grillh\u00fctte zu Ihrer Privatfeier zu Ihrem Vereinsheim wohin Sie wollen auch f\u00fcr den Wiederverkauf Wir vermieten: Pavillons Ausschankwagen Stehtische Festzeltgarnituren Nass- und Trockentheken Getr\u00e4nketruhen K\u00fchlwagen Gl\u00e4ser<\/p>\n","protected":false},"author":2,"featured_media":0,"parent":0,"menu_order":0,"comment_status":"closed","ping_status":"closed","template":"","meta":{"spay_email":""},"_links":{"self":[{"href":"https:\/\/getraenkefachhandel-klug.de\/index.php\/wp-json\/wp\/v2\/pages\/7"}],"collection":[{"href":"https:\/\/getraenkefachhandel-klug.de\/index.php\/wp-json\/wp\/v2\/pages"}],"about":[{"href":"https:\/\/getraenkefachhandel-klug.de\/index.php\/wp-json\/wp\/v2\/types\/page"}],"author":[{"embeddable":true,"href":"https:\/\/getraenkefachhandel-klug.de\/index.php\/wp-json\/wp\/v2\/users\/2"}],"replies":[{"embeddable":true,"href":"https:\/\/getraenkefachhandel-klug.de\/index.php\/wp-json\/wp\/v2\/comments?post=7"}],"version-history":[{"count":30,"href":"https:\/\/getraenkefachhandel-klug.de\/index.php\/wp-json\/wp\/v2\/pages\/7\/revisions"}],"predecessor-version":[{"id":145,"href":"https:\/\/getraenkefachhandel-klug.de\/index.php\/wp-json\/wp\/v2\/pages\/7\/revisions\/145"}],"wp:attachment":[{"href":"https:\/\/getraenkefachhandel-klug.de\/index.php\/wp-json\/wp\/v2\/media?parent=7"}],"curies":[{"name":"wp","href":"https:\/\/api.w.org\/{rel}","templated":true}]}}